r when 22676 is divided by 11335?
6
Calculate the remainder when 7650 is divided by 225.
0
Calculate the remainder when 1971 is divided by 280.
11
Calculate the remainder when 4072792 is divided by 13.
9
What is the remainder when 5742 is divided by 5670?
72
What is the remainder when 46029 is divided by 4602?
9
Calculate the remainder when 436546 is divided by 1842.
1834
What is the remainder when 4547 is divided by 60?
47
What is the remainder when 40676 is divided by 452?
448
Calculate the remainder when 5130 is divided by 24.
18
What is the remainder when 47382 is divided by 81?
78
Calculate the remainder when 4411 is divided by 745.
686
What is the remainder when 961 is divided by 633?
328
What is the remainder when 2093 is divided by 54?
41
What is the remainder when 6768 is divided by 483?
6
Calculate the remainder when 8890 is divided by 26.
24
What is the remainder when 5258 is divided by 362?
190
What is the remainder when 4399 is divided by 342?
295
What is the remainder when 19945 is divided by 151?
13
Calculate the remainder when 26775 is divided by 511.
203
Calculate the remainder when 10998 is divided by 28.
22
What is the remainder when 45738 is divided by 11434?
2
What is the remainder when 1696 is divided by 267?
94
Calculate the remainder when 37272 is divided by 36990.
282
What is the remainder when 4930 is divided by 2368?
194
What is the remainder when 104883 is divided by 20971?
28
What is the remainder when 739 is divided by 199?
142
Calculate the remainder when 112747 is divided by 250.
247
Calculate the remainder when 2268 is divided by 19.
7
What is the remainder when 36477 is divided by 410?
397
What is the remainder when 362 is divided by 294?
68
Calculate the remainder when 74148 is divided by 321.
318
What is the remainder when 26048 is divided by 253?
242
Calculate the remainder when 15076 is divided by 14524.
552
Calculate the remainder when 9132 is divided by 2662.
1146
Calculate the remainder when 23024 is divided by 186.
146
What is the remainder when 1634 is divided by 355?
214
Calculate the remainder when 14400 is divided by 1309.
1
Calculate the remainder when 852 is divided by 71.
0
What is the remainder when 35998 is divided by 150?
148
What is the remainder when 1970 is divided by 1790?
180
What is the remainder when 1634 is divided by 671?
292
Calculate the remainder when 166 is divided by 13.
10
Calculate the remainder when 392498 is divided by 277.
266
What is the remainder when 174193 is divided by 237?
235
What is the remainder when 46244 is divided by 507?
107
Calculate the remainder when 23 is divided by 16.
7
Calculate the remainder when 1181485 is divided by 196.
193
What is the remainder when 69055 is divided by 86?
83
Calculate the remainder when 227308 is divided by 219.
205
Calculate the remainder when 676 is divided by 18.
10
What is the remainder when 37590 is divided by 43?
8
What is the remainder when 70690 is divided by 5889?
22
What is the remainder when 90141 is divided by 9?
6
Calculate the remainder when 24467 is divided by 3053.
43
Calculate the remainder when 7579 is divided by 7571.
8
What is the remainder when 510707 is divided by 34?
27
What is the remainder when 124886 is divided by 233?
231
Calculate the remainder when 7917 is divided by 528.
525
Calculate the remainder when 6747 is divided by 4457.
2290
Calculate the remainder when 33265 is divided by 389.
200
What is the remainder when 7228 is divided by 10?
8
What is the remainder when 8726 is divided by 4330?
66
What is the remainder when 6129 is divided by 131?
103
What is the remainder when 633 is divided by 160?
153
Calculate the remainder when 2174 is divided by 20.
14
What is the remainder when 36027 is divided by 784?
747
What is the remainder when 201296 is divided by 68?
16
What is the remainder when 5804 is divided by 340?
24
What is the remainder when 51534 is divided by 146?
142
Calculate the remainder when 126431 is divided by 1277.
8
What is the remainder when 58072 is divided by 58062?
10
What is the remainder when 109581 is divided by 36442?
255
What is the remainder when 13327 is divided by 489?
124
What is the remainder when 1672 is divided by 57?
19
What is the remainder when 701520 is divided by 87686?
32
Calculate the remainder when 6268 is divided by 136.
12
What is the remainder when 149564 is divided by 152?
148
What is the remainder when 6544 is divided by 273?
265
Calculate the remainder when 7249 is divided by 172.
25
What is the remainder when 2440 is divided by 403?
22
What is the remainder when 68398 is divided by 834?
10
Calculate the remainder when 781 is divided by 276.
229
Calculate the remainder when 601335 is divided by 368.
23
What is the remainder when 1941560 is divided by 123?
5
Calculate the remainder when 1024 is divided by 105.
79
What is the remainder when 18572 is divided by 442?
8
What is the remainder when 1908 is divided by 753?
402
Calculate the remainder when 180150 is divided by 815.
35
Calculate the remainder when 1110 is divided by 29.
8
What is the remainder when 17930 is divided by 17?
12
What is the remainder when 2866 is divided by 566?
36
Calculate the remainder when 60116 is divided by 120.
116
Calculate the remainder when 49532 is divided by 12.
8
What is the remainder when 243292 is divided by 123?
121
Calculate the remainder when 71378 is divided by 2745.
8
What is the remainder when 7046252 is divided by 1072?
1068
What is the remainder when 54463 is divided by 204?
199
What is the remainder when 244131 is divided by 241?
239
What is the remainder when 46388 is divided by 141?
140
What is the remainder when 668198 is divided by 28?
6
What is the remainder when 49873 is divided by 16575?
148
What is the remainder when 18025 is divided by 411?
352
Calculate the remainder when 3572749 is divided by 50.
49
Calculate the remainder when 122008 is divided by 713.
85
Calculate the remainder when 110568 is divided by 899.
890
Calculate the remainder when 60335 is divided by 89.
82
Calculate the remainder when 2871 is divided by 139.
91
Calculate the remainder when 8604 is divided by 139.
125
Calculate the remainder when 5847 is divided by 1421.
163
What is the remainder when 1626 is divided by 1147?
479
Calculate the remainder when 56586 is divided by 63.
12
What is the remainder when 335017 is divided by 6091?
12
Calculate the remainder when 184625 is divided by 92312.
1
Calculate the remainder when 115526 is divided by 94.
0
What is the remainder when 4087 is divided by 389?
197
What is the remainder when 15788 is divided by 112?
108
What is the remainder when 1357 is divided by 632?
93
What is the remainder when 75691 is divided by 18906?
67
Calculate the remainder when 60576 is divided by 30.
6
Calculate the remainder when 8343555 is divided by 6.
3
Calculate the remainder when 7658 is divided by 1912.
10
Calculate the remainder when 2525 is divided by 755.
260
Calculate the remainder when 12103 is divided by 136.
135
What is the remainder when 246582 is divided by 82194?
0
Calculate the remainder when 26620 is divided by 666.
646
Calculate the remainder when 1824912 is divided by 13.
11
Calculate the remainder when 1860 is divided by 348.
120
What is the remainder when 220988 is divided by 14732?
8
What is the remainder when 60743 is divided by 779?
760
Calculate the remainder when 3775 is divided by 586.
259
What is the remainder when 26491 is divided by 2648?
11
Calculate the remainder when 2823 is divided by 35.
23
Calculate the remainder when 1937 is divided by 121.
1
Calculate the remainder when 5270 is divided by 1034.
100
What is the remainder when 1360065 is divided by 177?
174
Calculate the remainder when 9677 is divided by 2413.
25
What is the remainder when 879602 is divided by 985?
982
Calculate the remainder when 14091 is divided by 195.
51
What is the remainder when 65176 is divided by 124?
76
Calculate the remainder when 1396141 is divided by 175.
166
Calculate the remainder when 587457 is divided by 133.
129
Calculate the remainder when 2176 is divided by 18.
16
What is the remainder when 2727 is divided by 105?
102
Calculate the remainder when 114493 is divided by 70.
43
What is the remainder when 82969 is divided by 4365?
34
What is the rem